{"id":5263,"date":"2025-12-10T13:50:30","date_gmt":"2025-12-10T16:50:30","guid":{"rendered":"https:\/\/haraltt.com.br\/?post_type=product&#038;p=5263"},"modified":"2026-03-31T20:16:41","modified_gmt":"2026-03-31T23:16:41","slug":"rxton-5-colorida-loki","status":"publish","type":"product","link":"https:\/\/haraltt.com.br\/index.php\/product\/rxton-5-colorida-loki\/","title":{"rendered":"Rxton 5 Colorida &#8211; LOKI"},"content":{"rendered":"<h3 data-start=\"1781\" data-end=\"1841\">\ud83d\udd25 <strong data-start=\"1786\" data-end=\"1839\">Borracha Loki RXTON 5<\/strong><\/h3>\n<p data-start=\"1842\" data-end=\"1916\"><em data-start=\"1846\" data-end=\"1916\">Mais macia, mais el\u00e1stica e mais amig\u00e1vel para controle e transi\u00e7\u00f5es<\/em><\/p>\n<h3 data-start=\"1918\" data-end=\"1952\">\ud83c\udfaf Caracter\u00edsticas principais<\/h3>\n<p data-start=\"1953\" data-end=\"2229\">A <strong data-start=\"1955\" data-end=\"1986\">Loki RXTON 5 vers\u00e3o padr\u00e3o<\/strong> \u00e9 a alternativa mais equilibrada da linha. Possui maior elasticidade, toque mais suave e desempenho mais voltado para versatilidade.<br data-start=\"2119\" data-end=\"2122\" \/>\u00c9 ideal para quem quer <strong data-start=\"2145\" data-end=\"2170\">bom spin com controle<\/strong>, arco um pouco mais alto e maior facilidade no jogo curto.<\/p>\n<hr data-start=\"2296\" data-end=\"2299\" \/>\n<h3 data-start=\"2301\" data-end=\"2322\">\ud83d\udd27 Parte t\u00e9cnica<\/h3>\n<ul data-start=\"2323\" data-end=\"2617\">\n<li data-start=\"2323\" data-end=\"2358\">\n<p data-start=\"2325\" data-end=\"2358\"><strong data-start=\"2325\" data-end=\"2334\">Tipo:<\/strong> Tensor chin\u00eas h\u00edbrido<\/p>\n<\/li>\n<li data-start=\"2359\" data-end=\"2385\">\n<p data-start=\"2361\" data-end=\"2385\"><strong data-start=\"2361\" data-end=\"2372\">Estilo:<\/strong> OFF- \/ OFF<\/p>\n<\/li>\n<li data-start=\"2386\" data-end=\"2435\">\n<p data-start=\"2388\" data-end=\"2435\"><strong data-start=\"2388\" data-end=\"2410\">Dureza da esponja:<\/strong> M\u00e9dia (aprox. 45\u00b0\u201347\u00b0)<\/p>\n<\/li>\n<li data-start=\"2436\" data-end=\"2472\">\n<p data-start=\"2438\" data-end=\"2472\"><strong data-start=\"2438\" data-end=\"2451\">Topsheet:<\/strong> Grip moderado-alto<\/p>\n<\/li>\n<li data-start=\"2473\" data-end=\"2526\">\n<p data-start=\"2475\" data-end=\"2526\"><strong data-start=\"2475\" data-end=\"2487\">Esponja:<\/strong> Mais el\u00e1stica e mais macia que a PRO<\/p>\n<\/li>\n<li data-start=\"2527\" data-end=\"2557\">\n<p data-start=\"2529\" data-end=\"2557\"><strong data-start=\"2529\" data-end=\"2544\">Velocidade:<\/strong> M\u00e9dia-Alta<\/p>\n<\/li>\n<li data-start=\"2558\" data-end=\"2576\">\n<p data-start=\"2560\" data-end=\"2576\"><strong data-start=\"2560\" data-end=\"2569\">Giro:<\/strong> Alto<\/p>\n<\/li>\n<li data-start=\"2577\" data-end=\"2599\">\n<p data-start=\"2579\" data-end=\"2599\"><strong data-start=\"2579\" data-end=\"2592\">Controle:<\/strong> Alto<\/p>\n<\/li>\n<li data-start=\"2600\" data-end=\"2617\">\n<p data-start=\"2602\" data-end=\"2617\"><strong data-start=\"2602\" data-end=\"2611\">Peso:<\/strong> M\u00e9dio<\/p>\n<\/li>\n<\/ul>\n<hr data-start=\"2619\" data-end=\"2622\" \/>\n<h3 data-start=\"2624\" data-end=\"2662\">\ud83c\udfd3 Exemplo pr\u00e1tico dentro de jogo<\/h3>\n<p data-start=\"2663\" data-end=\"2853\">Por ser mais macia, gera <strong data-start=\"2688\" data-end=\"2706\">arco mais alto<\/strong>, facilita a sa\u00edda de bola em bloqueios, trocas curtas e transi\u00e7\u00f5es FH\u2194BH.<br data-start=\"2780\" data-end=\"2783\" \/>No drive, entrega spin consistente com menor exig\u00eancia de for\u00e7a bruta.<\/p>\n<hr data-start=\"2855\" data-end=\"2858\" \/>\n<h3 data-start=\"2860\" data-end=\"2874\">\ud83d\udccc Resumo<\/h3>\n<p data-start=\"2875\" data-end=\"3071\">Uma excelente borracha equilibrada para quem busca spin alto, boa velocidade, por\u00e9m com <strong data-start=\"2963\" data-end=\"2980\">mais controle<\/strong> que a vers\u00e3o PRO. Perfeita para iniciantes avan\u00e7ados, intermedi\u00e1rios e ofensivos t\u00e9cnicos.<\/p>\n","protected":false},"excerpt":{"rendered":"<p>\ud83d\udd25 Borracha Loki RXTON 5 Mais macia, mais el\u00e1stica e mais amig\u00e1vel para controle e transi\u00e7\u00f5es \ud83c\udfaf Caracter\u00edsticas principais A Loki RXTON 5 vers\u00e3o padr\u00e3o \u00e9 a alternativa mais equilibrada da linha. Possui maior elasticidade, toque mais suave e desempenho mais voltado para versatilidade.\u00c9 ideal para quem quer bom spin com controle, arco um pouco [&hellip;]<\/p>\n","protected":false},"featured_media":5204,"comment_status":"open","ping_status":"closed","template":"","meta":{"_joinchat":[]},"product_cat":[28,94],"product_tag":[],"class_list":{"0":"post-5263","1":"product","2":"type-product","3":"status-publish","4":"has-post-thumbnail","6":"product_cat-borrachas","7":"product_cat-loki","9":"first","10":"onbackorder","11":"shipping-taxable","12":"purchasable","13":"product-type-variable"},"yoast_head":"<!-- This site is optimized with the Yoast SEO plugin v22.2 - https:\/\/yoast.com\/wordpress\/plugins\/seo\/ -->\n<title>Rxton 5 Colorida - LOKI - Haraltt<\/title>\n<meta name=\"robots\" content=\"index, follow, max-snippet:-1, max-image-preview:large, max-video-preview:-1\" \/>\n<link rel=\"canonical\" href=\"https:\/\/haraltt.com.br\/index.php\/product\/rxton-5-colorida-loki\/\" \/>\n<meta property=\"og:locale\" content=\"pt_BR\" \/>\n<meta property=\"og:type\" content=\"article\" \/>\n<meta property=\"og:title\" content=\"Rxton 5 Colorida - LOKI - Haraltt\" \/>\n<meta property=\"og:description\" content=\"\ud83d\udd25 Borracha Loki RXTON 5 Mais macia, mais el\u00e1stica e mais amig\u00e1vel para controle e transi\u00e7\u00f5es \ud83c\udfaf Caracter\u00edsticas principais A Loki RXTON 5 vers\u00e3o padr\u00e3o \u00e9 a alternativa mais equilibrada da linha. Possui maior elasticidade, toque mais suave e desempenho mais voltado para versatilidade.\u00c9 ideal para quem quer bom spin com controle, arco um pouco [&hellip;]\" \/>\n<meta property=\"og:url\" content=\"https:\/\/haraltt.com.br\/index.php\/product\/rxton-5-colorida-loki\/\" \/>\n<meta property=\"og:site_name\" content=\"Haraltt\" \/>\n<meta property=\"article:modified_time\" content=\"2026-03-31T23:16:41+00:00\" \/>\n<meta property=\"og:image\" content=\"http:\/\/haraltt.com.br\/wp-content\/uploads\/2025\/12\/20_20251209_210800_0011.png\" \/>\n\t<meta property=\"og:image:width\" content=\"1080\" \/>\n\t<meta property=\"og:image:height\" content=\"1080\" \/>\n\t<meta property=\"og:image:type\" content=\"image\/png\" \/>\n<meta name=\"twitter:card\" content=\"summary_large_image\" \/>\n<meta name=\"twitter:label1\" content=\"Est. tempo de leitura\" \/>\n\t<meta name=\"twitter:data1\" content=\"2 minutos\" \/>\n<script type=\"application\/ld+json\" class=\"yoast-schema-graph\">{\"@context\":\"https:\/\/schema.org\",\"@graph\":[{\"@type\":\"WebPage\",\"@id\":\"https:\/\/haraltt.com.br\/index.php\/product\/rxton-5-colorida-loki\/\",\"url\":\"https:\/\/haraltt.com.br\/index.php\/product\/rxton-5-colorida-loki\/\",\"name\":\"Rxton 5 Colorida - LOKI - Haraltt\",\"isPartOf\":{\"@id\":\"https:\/\/haraltt.com.br\/#website\"},\"primaryImageOfPage\":{\"@id\":\"https:\/\/haraltt.com.br\/index.php\/product\/rxton-5-colorida-loki\/#primaryimage\"},\"image\":{\"@id\":\"https:\/\/haraltt.com.br\/index.php\/product\/rxton-5-colorida-loki\/#primaryimage\"},\"thumbnailUrl\":\"https:\/\/haraltt.com.br\/wp-content\/uploads\/2025\/12\/20_20251209_210800_0011.png\",\"datePublished\":\"2025-12-10T16:50:30+00:00\",\"dateModified\":\"2026-03-31T23:16:41+00:00\",\"breadcrumb\":{\"@id\":\"https:\/\/haraltt.com.br\/index.php\/product\/rxton-5-colorida-loki\/#breadcrumb\"},\"inLanguage\":\"pt-BR\",\"potentialAction\":[{\"@type\":\"ReadAction\",\"target\":[\"https:\/\/haraltt.com.br\/index.php\/product\/rxton-5-colorida-loki\/\"]}]},{\"@type\":\"ImageObject\",\"inLanguage\":\"pt-BR\",\"@id\":\"https:\/\/haraltt.com.br\/index.php\/product\/rxton-5-colorida-loki\/#primaryimage\",\"url\":\"https:\/\/haraltt.com.br\/wp-content\/uploads\/2025\/12\/20_20251209_210800_0011.png\",\"contentUrl\":\"https:\/\/haraltt.com.br\/wp-content\/uploads\/2025\/12\/20_20251209_210800_0011.png\",\"width\":1080,\"height\":1080},{\"@type\":\"BreadcrumbList\",\"@id\":\"https:\/\/haraltt.com.br\/index.php\/product\/rxton-5-colorida-loki\/#breadcrumb\",\"itemListElement\":[{\"@type\":\"ListItem\",\"position\":1,\"name\":\"In\u00edcio\",\"item\":\"https:\/\/haraltt.com.br\/\"},{\"@type\":\"ListItem\",\"position\":2,\"name\":\"Loja\",\"item\":\"https:\/\/haraltt.com.br\/index.php\/loja\/\"},{\"@type\":\"ListItem\",\"position\":3,\"name\":\"Rxton 5 Colorida &#8211; LOKI\"}]},{\"@type\":\"WebSite\",\"@id\":\"https:\/\/haraltt.com.br\/#website\",\"url\":\"https:\/\/haraltt.com.br\/\",\"name\":\"Haraltt\",\"description\":\"T\u00eanis de mesa de forma acessivel\",\"publisher\":{\"@id\":\"https:\/\/haraltt.com.br\/#organization\"},\"potentialAction\":[{\"@type\":\"SearchAction\",\"target\":{\"@type\":\"EntryPoint\",\"urlTemplate\":\"https:\/\/haraltt.com.br\/?s={search_term_string}\"},\"query-input\":\"required name=search_term_string\"}],\"inLanguage\":\"pt-BR\"},{\"@type\":\"Organization\",\"@id\":\"https:\/\/haraltt.com.br\/#organization\",\"name\":\"Haraltt\",\"url\":\"https:\/\/haraltt.com.br\/\",\"logo\":{\"@type\":\"ImageObject\",\"inLanguage\":\"pt-BR\",\"@id\":\"https:\/\/haraltt.com.br\/#\/schema\/logo\/image\/\",\"url\":\"\/\/\/wp-content\/uploads\/2024\/02\/44811478-removebg-preview.png\",\"contentUrl\":\"\/\/\/wp-content\/uploads\/2024\/02\/44811478-removebg-preview.png\",\"width\":500,\"height\":500,\"caption\":\"Haraltt\"},\"image\":{\"@id\":\"https:\/\/haraltt.com.br\/#\/schema\/logo\/image\/\"}}]}<\/script>\n<!-- \/ Yoast SEO plugin. -->","yoast_head_json":{"title":"Rxton 5 Colorida - LOKI - Haraltt","robots":{"index":"index","follow":"follow","max-snippet":"max-snippet:-1","max-image-preview":"max-image-preview:large","max-video-preview":"max-video-preview:-1"},"canonical":"https:\/\/haraltt.com.br\/index.php\/product\/rxton-5-colorida-loki\/","og_locale":"pt_BR","og_type":"article","og_title":"Rxton 5 Colorida - LOKI - Haraltt","og_description":"\ud83d\udd25 Borracha Loki RXTON 5 Mais macia, mais el\u00e1stica e mais amig\u00e1vel para controle e transi\u00e7\u00f5es \ud83c\udfaf Caracter\u00edsticas principais A Loki RXTON 5 vers\u00e3o padr\u00e3o \u00e9 a alternativa mais equilibrada da linha. Possui maior elasticidade, toque mais suave e desempenho mais voltado para versatilidade.\u00c9 ideal para quem quer bom spin com controle, arco um pouco [&hellip;]","og_url":"https:\/\/haraltt.com.br\/index.php\/product\/rxton-5-colorida-loki\/","og_site_name":"Haraltt","article_modified_time":"2026-03-31T23:16:41+00:00","og_image":[{"width":1080,"height":1080,"url":"http:\/\/haraltt.com.br\/wp-content\/uploads\/2025\/12\/20_20251209_210800_0011.png","type":"image\/png"}],"twitter_card":"summary_large_image","twitter_misc":{"Est. tempo de leitura":"2 minutos"},"schema":{"@context":"https:\/\/schema.org","@graph":[{"@type":"WebPage","@id":"https:\/\/haraltt.com.br\/index.php\/product\/rxton-5-colorida-loki\/","url":"https:\/\/haraltt.com.br\/index.php\/product\/rxton-5-colorida-loki\/","name":"Rxton 5 Colorida - LOKI - Haraltt","isPartOf":{"@id":"https:\/\/haraltt.com.br\/#website"},"primaryImageOfPage":{"@id":"https:\/\/haraltt.com.br\/index.php\/product\/rxton-5-colorida-loki\/#primaryimage"},"image":{"@id":"https:\/\/haraltt.com.br\/index.php\/product\/rxton-5-colorida-loki\/#primaryimage"},"thumbnailUrl":"https:\/\/haraltt.com.br\/wp-content\/uploads\/2025\/12\/20_20251209_210800_0011.png","datePublished":"2025-12-10T16:50:30+00:00","dateModified":"2026-03-31T23:16:41+00:00","breadcrumb":{"@id":"https:\/\/haraltt.com.br\/index.php\/product\/rxton-5-colorida-loki\/#breadcrumb"},"inLanguage":"pt-BR","potentialAction":[{"@type":"ReadAction","target":["https:\/\/haraltt.com.br\/index.php\/product\/rxton-5-colorida-loki\/"]}]},{"@type":"ImageObject","inLanguage":"pt-BR","@id":"https:\/\/haraltt.com.br\/index.php\/product\/rxton-5-colorida-loki\/#primaryimage","url":"https:\/\/haraltt.com.br\/wp-content\/uploads\/2025\/12\/20_20251209_210800_0011.png","contentUrl":"https:\/\/haraltt.com.br\/wp-content\/uploads\/2025\/12\/20_20251209_210800_0011.png","width":1080,"height":1080},{"@type":"BreadcrumbList","@id":"https:\/\/haraltt.com.br\/index.php\/product\/rxton-5-colorida-loki\/#breadcrumb","itemListElement":[{"@type":"ListItem","position":1,"name":"In\u00edcio","item":"https:\/\/haraltt.com.br\/"},{"@type":"ListItem","position":2,"name":"Loja","item":"https:\/\/haraltt.com.br\/index.php\/loja\/"},{"@type":"ListItem","position":3,"name":"Rxton 5 Colorida &#8211; LOKI"}]},{"@type":"WebSite","@id":"https:\/\/haraltt.com.br\/#website","url":"https:\/\/haraltt.com.br\/","name":"Haraltt","description":"T\u00eanis de mesa de forma acessivel","publisher":{"@id":"https:\/\/haraltt.com.br\/#organization"},"potentialAction":[{"@type":"SearchAction","target":{"@type":"EntryPoint","urlTemplate":"https:\/\/haraltt.com.br\/?s={search_term_string}"},"query-input":"required name=search_term_string"}],"inLanguage":"pt-BR"},{"@type":"Organization","@id":"https:\/\/haraltt.com.br\/#organization","name":"Haraltt","url":"https:\/\/haraltt.com.br\/","logo":{"@type":"ImageObject","inLanguage":"pt-BR","@id":"https:\/\/haraltt.com.br\/#\/schema\/logo\/image\/","url":"\/\/\/wp-content\/uploads\/2024\/02\/44811478-removebg-preview.png","contentUrl":"\/\/\/wp-content\/uploads\/2024\/02\/44811478-removebg-preview.png","width":500,"height":500,"caption":"Haraltt"},"image":{"@id":"https:\/\/haraltt.com.br\/#\/schema\/logo\/image\/"}}]}},"_links":{"self":[{"href":"https:\/\/haraltt.com.br\/index.php\/wp-json\/wp\/v2\/product\/5263","targetHints":{"allow":["GET"]}}],"collection":[{"href":"https:\/\/haraltt.com.br\/index.php\/wp-json\/wp\/v2\/product"}],"about":[{"href":"https:\/\/haraltt.com.br\/index.php\/wp-json\/wp\/v2\/types\/product"}],"replies":[{"embeddable":true,"href":"https:\/\/haraltt.com.br\/index.php\/wp-json\/wp\/v2\/comments?post=5263"}],"wp:featuredmedia":[{"embeddable":true,"href":"https:\/\/haraltt.com.br\/index.php\/wp-json\/wp\/v2\/media\/5204"}],"wp:attachment":[{"href":"https:\/\/haraltt.com.br\/index.php\/wp-json\/wp\/v2\/media?parent=5263"}],"wp:term":[{"taxonomy":"product_cat","embeddable":true,"href":"https:\/\/haraltt.com.br\/index.php\/wp-json\/wp\/v2\/product_cat?post=5263"},{"taxonomy":"product_tag","embeddable":true,"href":"https:\/\/haraltt.com.br\/index.php\/wp-json\/wp\/v2\/product_tag?post=5263"}],"curies":[{"name":"wp","href":"https:\/\/api.w.org\/{rel}","templated":true}]}}