{"id":3299,"date":"2024-12-11T11:55:05","date_gmt":"2024-12-11T14:55:05","guid":{"rendered":"https:\/index.php\/product\/madeira-thunder-backdrive\/"},"modified":"2026-01-19T20:18:36","modified_gmt":"2026-01-19T23:18:36","slug":"madeira-thunder-backdrive","status":"publish","type":"product","link":"https:\/\/haraltt.com.br\/index.php\/product\/madeira-thunder-backdrive\/","title":{"rendered":"Thunder &#8211; BACKDRIVE"},"content":{"rendered":"<h3 data-start=\"160\" data-end=\"182\"><strong data-start=\"163\" data-end=\"180\">Parte t\u00e9cnica<\/strong><\/h3>\n<p data-start=\"183\" data-end=\"720\">A <strong data-start=\"185\" data-end=\"206\">Thunder BackDrive<\/strong> \u00e9 uma madeira <strong data-start=\"221\" data-end=\"243\">offensive all-wood<\/strong> constru\u00edda com <strong data-start=\"259\" data-end=\"291\">7 camadas de madeira natural<\/strong>, projetada para oferecer uma combina\u00e7\u00e3o equilibrada entre pot\u00eancia e controle. Seu design busca maior estabilidade durante trocas r\u00e1pidas e firmeza no impacto, permitindo precis\u00e3o em golpes ofensivos sem perder a sensibilidade no toque de bola. Em compara\u00e7\u00e3o \u00e0 sua antecessora, a Offensive BackDrive, a Thunder apresenta <strong data-start=\"613\" data-end=\"669\">resposta mais s\u00f3lida e velocidade levemente superior<\/strong>, mantendo excelente feedback e conforto na batida.<\/p>\n<hr data-start=\"722\" data-end=\"725\" \/>\n<h3 data-start=\"727\" data-end=\"751\"><strong data-start=\"730\" data-end=\"749\">Exemplo pr\u00e1tico<\/strong><\/h3>\n<p data-start=\"752\" data-end=\"1257\">Indicada para atletas ofensivos que prezam por um jogo agressivo, mas que ainda necessitam de <strong data-start=\"846\" data-end=\"897\">bom controle para transi\u00e7\u00f5es de ataque e defesa<\/strong>. \u00c9 ideal para quem atua pr\u00f3ximo ou a m\u00e9dia dist\u00e2ncia da mesa, executando drives potentes, bloqueios ativos e contra-ataques consistentes. Atletas intermedi\u00e1rios e avan\u00e7ados que buscam evolu\u00e7\u00e3o em ritmo e precis\u00e3o podem se beneficiar bastante dessa madeira, especialmente jogadores que preferem <strong data-start=\"1192\" data-end=\"1238\">o feeling caracter\u00edstico de madeiras puras<\/strong> em vez de carbono.<\/p>\n<hr data-start=\"1259\" data-end=\"1262\" \/>\n<h3 data-start=\"1264\" data-end=\"1279\"><strong data-start=\"1267\" data-end=\"1277\">Resumo<\/strong><\/h3>\n<ul data-start=\"1280\" data-end=\"1567\">\n<li data-start=\"1280\" data-end=\"1331\">\n<p data-start=\"1282\" data-end=\"1331\"><strong data-start=\"1282\" data-end=\"1290\">Tipo<\/strong>: Offensive (r\u00e1pida, por\u00e9m control\u00e1vel)<\/p>\n<\/li>\n<li data-start=\"1332\" data-end=\"1372\">\n<p data-start=\"1334\" data-end=\"1372\"><strong data-start=\"1334\" data-end=\"1348\">Constru\u00e7\u00e3o<\/strong>: 7 l\u00e2minas de madeira<\/p>\n<\/li>\n<li data-start=\"1373\" data-end=\"1443\">\n<p data-start=\"1375\" data-end=\"1443\"><strong data-start=\"1375\" data-end=\"1387\">Sensa\u00e7\u00e3o<\/strong>: toque s\u00f3lido, alta estabilidade e excelente feedback<\/p>\n<\/li>\n<li data-start=\"1444\" data-end=\"1503\">\n<p data-start=\"1446\" data-end=\"1503\"><strong data-start=\"1446\" data-end=\"1461\">Ponto forte<\/strong>: equil\u00edbrio entre velocidade e controle<\/p>\n<\/li>\n<li data-start=\"1504\" data-end=\"1567\">\n<p data-start=\"1506\" data-end=\"1567\"><strong data-start=\"1506\" data-end=\"1528\">Estilo recomendado<\/strong>: ofensivo com transi\u00e7\u00f5es controladas<\/p>\n<\/li>\n<\/ul>\n","protected":false},"excerpt":{"rendered":"<p>Parte t\u00e9cnica A Thunder BackDrive \u00e9 uma madeira offensive all-wood constru\u00edda com 7 camadas de madeira natural, projetada para oferecer uma combina\u00e7\u00e3o equilibrada entre pot\u00eancia e controle. Seu design busca maior estabilidade durante trocas r\u00e1pidas e firmeza no impacto, permitindo precis\u00e3o em golpes ofensivos sem perder a sensibilidade no toque de bola. Em compara\u00e7\u00e3o \u00e0 [&hellip;]<\/p>\n","protected":false},"featured_media":3298,"comment_status":"open","ping_status":"closed","template":"","meta":{"_joinchat":[]},"product_cat":[27],"product_tag":[],"class_list":{"0":"post-3299","1":"product","2":"type-product","3":"status-publish","4":"has-post-thumbnail","6":"product_cat-madeiras","8":"first","9":"instock","10":"shipping-taxable","11":"purchasable","12":"product-type-simple"},"yoast_head":"<!-- This site is optimized with the Yoast SEO plugin v22.2 - https:\/\/yoast.com\/wordpress\/plugins\/seo\/ -->\n<title>Thunder - BACKDRIVE - Haraltt<\/title>\n<meta name=\"robots\" content=\"index, follow, max-snippet:-1, max-image-preview:large, max-video-preview:-1\" \/>\n<link rel=\"canonical\" href=\"https:\/\/haraltt.com.br\/index.php\/product\/madeira-thunder-backdrive\/\" \/>\n<meta property=\"og:locale\" content=\"pt_BR\" \/>\n<meta property=\"og:type\" content=\"article\" \/>\n<meta property=\"og:title\" content=\"Thunder - BACKDRIVE - Haraltt\" \/>\n<meta property=\"og:description\" content=\"Parte t\u00e9cnica A Thunder BackDrive \u00e9 uma madeira offensive all-wood constru\u00edda com 7 camadas de madeira natural, projetada para oferecer uma combina\u00e7\u00e3o equilibrada entre pot\u00eancia e controle. Seu design busca maior estabilidade durante trocas r\u00e1pidas e firmeza no impacto, permitindo precis\u00e3o em golpes ofensivos sem perder a sensibilidade no toque de bola. Em compara\u00e7\u00e3o \u00e0 [&hellip;]\" \/>\n<meta property=\"og:url\" content=\"https:\/\/haraltt.com.br\/index.php\/product\/madeira-thunder-backdrive\/\" \/>\n<meta property=\"og:site_name\" content=\"Haraltt\" \/>\n<meta property=\"article:modified_time\" content=\"2026-01-19T23:18:36+00:00\" \/>\n<meta property=\"og:image\" content=\"http:\/\/haraltt.com.br\/wp-content\/uploads\/2024\/12\/2024121111320558.jpg\" \/>\n\t<meta property=\"og:image:width\" content=\"1904\" \/>\n\t<meta property=\"og:image:height\" content=\"1904\" \/>\n\t<meta property=\"og:image:type\" content=\"image\/jpeg\" \/>\n<meta name=\"twitter:card\" content=\"summary_large_image\" \/>\n<meta name=\"twitter:label1\" content=\"Est. tempo de leitura\" \/>\n\t<meta name=\"twitter:data1\" content=\"2 minutos\" \/>\n<script type=\"application\/ld+json\" class=\"yoast-schema-graph\">{\"@context\":\"https:\/\/schema.org\",\"@graph\":[{\"@type\":\"WebPage\",\"@id\":\"https:\/\/haraltt.com.br\/index.php\/product\/madeira-thunder-backdrive\/\",\"url\":\"https:\/\/haraltt.com.br\/index.php\/product\/madeira-thunder-backdrive\/\",\"name\":\"Thunder - BACKDRIVE - Haraltt\",\"isPartOf\":{\"@id\":\"https:\/\/haraltt.com.br\/#website\"},\"primaryImageOfPage\":{\"@id\":\"https:\/\/haraltt.com.br\/index.php\/product\/madeira-thunder-backdrive\/#primaryimage\"},\"image\":{\"@id\":\"https:\/\/haraltt.com.br\/index.php\/product\/madeira-thunder-backdrive\/#primaryimage\"},\"thumbnailUrl\":\"https:\/\/haraltt.com.br\/wp-content\/uploads\/2024\/12\/2024121111320558.jpg\",\"datePublished\":\"2024-12-11T14:55:05+00:00\",\"dateModified\":\"2026-01-19T23:18:36+00:00\",\"breadcrumb\":{\"@id\":\"https:\/\/haraltt.com.br\/index.php\/product\/madeira-thunder-backdrive\/#breadcrumb\"},\"inLanguage\":\"pt-BR\",\"potentialAction\":[{\"@type\":\"ReadAction\",\"target\":[\"https:\/\/haraltt.com.br\/index.php\/product\/madeira-thunder-backdrive\/\"]}]},{\"@type\":\"ImageObject\",\"inLanguage\":\"pt-BR\",\"@id\":\"https:\/\/haraltt.com.br\/index.php\/product\/madeira-thunder-backdrive\/#primaryimage\",\"url\":\"https:\/\/haraltt.com.br\/wp-content\/uploads\/2024\/12\/2024121111320558.jpg\",\"contentUrl\":\"https:\/\/haraltt.com.br\/wp-content\/uploads\/2024\/12\/2024121111320558.jpg\",\"width\":1904,\"height\":1904},{\"@type\":\"BreadcrumbList\",\"@id\":\"https:\/\/haraltt.com.br\/index.php\/product\/madeira-thunder-backdrive\/#breadcrumb\",\"itemListElement\":[{\"@type\":\"ListItem\",\"position\":1,\"name\":\"In\u00edcio\",\"item\":\"https:\/\/haraltt.com.br\/\"},{\"@type\":\"ListItem\",\"position\":2,\"name\":\"Loja\",\"item\":\"https:\/\/haraltt.com.br\/index.php\/loja\/\"},{\"@type\":\"ListItem\",\"position\":3,\"name\":\"Thunder &#8211; BACKDRIVE\"}]},{\"@type\":\"WebSite\",\"@id\":\"https:\/\/haraltt.com.br\/#website\",\"url\":\"https:\/\/haraltt.com.br\/\",\"name\":\"Haraltt\",\"description\":\"T\u00eanis de mesa de forma acessivel\",\"publisher\":{\"@id\":\"https:\/\/haraltt.com.br\/#organization\"},\"potentialAction\":[{\"@type\":\"SearchAction\",\"target\":{\"@type\":\"EntryPoint\",\"urlTemplate\":\"https:\/\/haraltt.com.br\/?s={search_term_string}\"},\"query-input\":\"required name=search_term_string\"}],\"inLanguage\":\"pt-BR\"},{\"@type\":\"Organization\",\"@id\":\"https:\/\/haraltt.com.br\/#organization\",\"name\":\"Haraltt\",\"url\":\"https:\/\/haraltt.com.br\/\",\"logo\":{\"@type\":\"ImageObject\",\"inLanguage\":\"pt-BR\",\"@id\":\"https:\/\/haraltt.com.br\/#\/schema\/logo\/image\/\",\"url\":\"\/\/\/wp-content\/uploads\/2024\/02\/44811478-removebg-preview.png\",\"contentUrl\":\"\/\/\/wp-content\/uploads\/2024\/02\/44811478-removebg-preview.png\",\"width\":500,\"height\":500,\"caption\":\"Haraltt\"},\"image\":{\"@id\":\"https:\/\/haraltt.com.br\/#\/schema\/logo\/image\/\"}}]}<\/script>\n<!-- \/ Yoast SEO plugin. -->","yoast_head_json":{"title":"Thunder - BACKDRIVE - Haraltt","robots":{"index":"index","follow":"follow","max-snippet":"max-snippet:-1","max-image-preview":"max-image-preview:large","max-video-preview":"max-video-preview:-1"},"canonical":"https:\/\/haraltt.com.br\/index.php\/product\/madeira-thunder-backdrive\/","og_locale":"pt_BR","og_type":"article","og_title":"Thunder - BACKDRIVE - Haraltt","og_description":"Parte t\u00e9cnica A Thunder BackDrive \u00e9 uma madeira offensive all-wood constru\u00edda com 7 camadas de madeira natural, projetada para oferecer uma combina\u00e7\u00e3o equilibrada entre pot\u00eancia e controle. Seu design busca maior estabilidade durante trocas r\u00e1pidas e firmeza no impacto, permitindo precis\u00e3o em golpes ofensivos sem perder a sensibilidade no toque de bola. Em compara\u00e7\u00e3o \u00e0 [&hellip;]","og_url":"https:\/\/haraltt.com.br\/index.php\/product\/madeira-thunder-backdrive\/","og_site_name":"Haraltt","article_modified_time":"2026-01-19T23:18:36+00:00","og_image":[{"width":1904,"height":1904,"url":"http:\/\/haraltt.com.br\/wp-content\/uploads\/2024\/12\/2024121111320558.jpg","type":"image\/jpeg"}],"twitter_card":"summary_large_image","twitter_misc":{"Est. tempo de leitura":"2 minutos"},"schema":{"@context":"https:\/\/schema.org","@graph":[{"@type":"WebPage","@id":"https:\/\/haraltt.com.br\/index.php\/product\/madeira-thunder-backdrive\/","url":"https:\/\/haraltt.com.br\/index.php\/product\/madeira-thunder-backdrive\/","name":"Thunder - BACKDRIVE - Haraltt","isPartOf":{"@id":"https:\/\/haraltt.com.br\/#website"},"primaryImageOfPage":{"@id":"https:\/\/haraltt.com.br\/index.php\/product\/madeira-thunder-backdrive\/#primaryimage"},"image":{"@id":"https:\/\/haraltt.com.br\/index.php\/product\/madeira-thunder-backdrive\/#primaryimage"},"thumbnailUrl":"https:\/\/haraltt.com.br\/wp-content\/uploads\/2024\/12\/2024121111320558.jpg","datePublished":"2024-12-11T14:55:05+00:00","dateModified":"2026-01-19T23:18:36+00:00","breadcrumb":{"@id":"https:\/\/haraltt.com.br\/index.php\/product\/madeira-thunder-backdrive\/#breadcrumb"},"inLanguage":"pt-BR","potentialAction":[{"@type":"ReadAction","target":["https:\/\/haraltt.com.br\/index.php\/product\/madeira-thunder-backdrive\/"]}]},{"@type":"ImageObject","inLanguage":"pt-BR","@id":"https:\/\/haraltt.com.br\/index.php\/product\/madeira-thunder-backdrive\/#primaryimage","url":"https:\/\/haraltt.com.br\/wp-content\/uploads\/2024\/12\/2024121111320558.jpg","contentUrl":"https:\/\/haraltt.com.br\/wp-content\/uploads\/2024\/12\/2024121111320558.jpg","width":1904,"height":1904},{"@type":"BreadcrumbList","@id":"https:\/\/haraltt.com.br\/index.php\/product\/madeira-thunder-backdrive\/#breadcrumb","itemListElement":[{"@type":"ListItem","position":1,"name":"In\u00edcio","item":"https:\/\/haraltt.com.br\/"},{"@type":"ListItem","position":2,"name":"Loja","item":"https:\/\/haraltt.com.br\/index.php\/loja\/"},{"@type":"ListItem","position":3,"name":"Thunder &#8211; BACKDRIVE"}]},{"@type":"WebSite","@id":"https:\/\/haraltt.com.br\/#website","url":"https:\/\/haraltt.com.br\/","name":"Haraltt","description":"T\u00eanis de mesa de forma acessivel","publisher":{"@id":"https:\/\/haraltt.com.br\/#organization"},"potentialAction":[{"@type":"SearchAction","target":{"@type":"EntryPoint","urlTemplate":"https:\/\/haraltt.com.br\/?s={search_term_string}"},"query-input":"required name=search_term_string"}],"inLanguage":"pt-BR"},{"@type":"Organization","@id":"https:\/\/haraltt.com.br\/#organization","name":"Haraltt","url":"https:\/\/haraltt.com.br\/","logo":{"@type":"ImageObject","inLanguage":"pt-BR","@id":"https:\/\/haraltt.com.br\/#\/schema\/logo\/image\/","url":"\/\/\/wp-content\/uploads\/2024\/02\/44811478-removebg-preview.png","contentUrl":"\/\/\/wp-content\/uploads\/2024\/02\/44811478-removebg-preview.png","width":500,"height":500,"caption":"Haraltt"},"image":{"@id":"https:\/\/haraltt.com.br\/#\/schema\/logo\/image\/"}}]}},"_links":{"self":[{"href":"https:\/\/haraltt.com.br\/index.php\/wp-json\/wp\/v2\/product\/3299","targetHints":{"allow":["GET"]}}],"collection":[{"href":"https:\/\/haraltt.com.br\/index.php\/wp-json\/wp\/v2\/product"}],"about":[{"href":"https:\/\/haraltt.com.br\/index.php\/wp-json\/wp\/v2\/types\/product"}],"replies":[{"embeddable":true,"href":"https:\/\/haraltt.com.br\/index.php\/wp-json\/wp\/v2\/comments?post=3299"}],"wp:featuredmedia":[{"embeddable":true,"href":"https:\/\/haraltt.com.br\/index.php\/wp-json\/wp\/v2\/media\/3298"}],"wp:attachment":[{"href":"https:\/\/haraltt.com.br\/index.php\/wp-json\/wp\/v2\/media?parent=3299"}],"wp:term":[{"taxonomy":"product_cat","embeddable":true,"href":"https:\/\/haraltt.com.br\/index.php\/wp-json\/wp\/v2\/product_cat?post=3299"},{"taxonomy":"product_tag","embeddable":true,"href":"https:\/\/haraltt.com.br\/index.php\/wp-json\/wp\/v2\/product_tag?post=3299"}],"curies":[{"name":"wp","href":"https:\/\/api.w.org\/{rel}","templated":true}]}}