{"id":1111,"date":"2024-03-25T19:57:52","date_gmt":"2024-03-25T22:57:52","guid":{"rendered":"https:\/?post_type=product&#038;p=1111"},"modified":"2026-03-12T17:00:47","modified_gmt":"2026-03-12T20:00:47","slug":"caixa-10-bolinhas-dhs-3-estrelas","status":"publish","type":"product","link":"https:\/\/haraltt.com.br\/index.php\/product\/caixa-10-bolinhas-dhs-3-estrelas\/","title":{"rendered":"Caixa 10 Bolinhas DHS 3 Estrelas"},"content":{"rendered":"<p>Bolinha DHS 3 Desperte o campe\u00e3o dentro de voc\u00ea com as bolinhas DHS 3 estrelas &#8211; o segredo dos profissionais e o tesouro escondido nos maiores torneios do mundo. Sinta a qualidade impec\u00e1vel, a durabilidade incompar\u00e1vel e a esfericidade perfeita, impulsionando cada jogada para a excel\u00eancia. N\u00e3o apenas uma bolinha, mas o s\u00edmbolo da sua jornada rumo \u00e0 vit\u00f3ria. Adquira agora e eleve seu jogo ao pr\u00f3ximo n\u00edvel<\/p>\n","protected":false},"excerpt":{"rendered":"<p><\/p>\n","protected":false},"featured_media":2630,"comment_status":"open","ping_status":"closed","template":"","meta":{"_joinchat":[]},"product_cat":[29,91],"product_tag":[],"class_list":{"0":"post-1111","1":"product","2":"type-product","3":"status-publish","4":"has-post-thumbnail","6":"product_cat-acessorios","7":"product_cat-dhs","9":"first","10":"instock","11":"sale","12":"shipping-taxable","13":"purchasable","14":"product-type-simple"},"yoast_head":"<!-- This site is optimized with the Yoast SEO plugin v22.2 - https:\/\/yoast.com\/wordpress\/plugins\/seo\/ -->\n<title>Caixa 10 Bolinhas DHS 3 Estrelas - Haraltt<\/title>\n<meta name=\"robots\" content=\"index, follow, max-snippet:-1, max-image-preview:large, max-video-preview:-1\" \/>\n<link rel=\"canonical\" href=\"https:\/\/haraltt.com.br\/index.php\/product\/caixa-10-bolinhas-dhs-3-estrelas\/\" \/>\n<meta property=\"og:locale\" content=\"pt_BR\" \/>\n<meta property=\"og:type\" content=\"article\" \/>\n<meta property=\"og:title\" content=\"Caixa 10 Bolinhas DHS 3 Estrelas - Haraltt\" \/>\n<meta property=\"og:url\" content=\"https:\/\/haraltt.com.br\/index.php\/product\/caixa-10-bolinhas-dhs-3-estrelas\/\" \/>\n<meta property=\"og:site_name\" content=\"Haraltt\" \/>\n<meta property=\"article:modified_time\" content=\"2026-03-12T20:00:47+00:00\" \/>\n<meta property=\"og:image\" content=\"http:\/\/haraltt.com.br\/wp-content\/uploads\/2024\/08\/BolaDHS-D40mais-510x510.jpg.webp\" \/>\n\t<meta property=\"og:image:width\" content=\"510\" \/>\n\t<meta property=\"og:image:height\" content=\"510\" \/>\n\t<meta property=\"og:image:type\" content=\"image\/webp\" \/>\n<meta name=\"twitter:card\" content=\"summary_large_image\" \/>\n<meta name=\"twitter:label1\" content=\"Est. tempo de leitura\" \/>\n\t<meta name=\"twitter:data1\" content=\"1 minuto\" \/>\n<script type=\"application\/ld+json\" class=\"yoast-schema-graph\">{\"@context\":\"https:\/\/schema.org\",\"@graph\":[{\"@type\":\"WebPage\",\"@id\":\"https:\/\/haraltt.com.br\/index.php\/product\/caixa-10-bolinhas-dhs-3-estrelas\/\",\"url\":\"https:\/\/haraltt.com.br\/index.php\/product\/caixa-10-bolinhas-dhs-3-estrelas\/\",\"name\":\"Caixa 10 Bolinhas DHS 3 Estrelas - Haraltt\",\"isPartOf\":{\"@id\":\"https:\/\/haraltt.com.br\/#website\"},\"primaryImageOfPage\":{\"@id\":\"https:\/\/haraltt.com.br\/index.php\/product\/caixa-10-bolinhas-dhs-3-estrelas\/#primaryimage\"},\"image\":{\"@id\":\"https:\/\/haraltt.com.br\/index.php\/product\/caixa-10-bolinhas-dhs-3-estrelas\/#primaryimage\"},\"thumbnailUrl\":\"https:\/\/haraltt.com.br\/wp-content\/uploads\/2024\/08\/BolaDHS-D40mais-510x510.jpg.webp\",\"datePublished\":\"2024-03-25T22:57:52+00:00\",\"dateModified\":\"2026-03-12T20:00:47+00:00\",\"breadcrumb\":{\"@id\":\"https:\/\/haraltt.com.br\/index.php\/product\/caixa-10-bolinhas-dhs-3-estrelas\/#breadcrumb\"},\"inLanguage\":\"pt-BR\",\"potentialAction\":[{\"@type\":\"ReadAction\",\"target\":[\"https:\/\/haraltt.com.br\/index.php\/product\/caixa-10-bolinhas-dhs-3-estrelas\/\"]}]},{\"@type\":\"ImageObject\",\"inLanguage\":\"pt-BR\",\"@id\":\"https:\/\/haraltt.com.br\/index.php\/product\/caixa-10-bolinhas-dhs-3-estrelas\/#primaryimage\",\"url\":\"https:\/\/haraltt.com.br\/wp-content\/uploads\/2024\/08\/BolaDHS-D40mais-510x510.jpg.webp\",\"contentUrl\":\"https:\/\/haraltt.com.br\/wp-content\/uploads\/2024\/08\/BolaDHS-D40mais-510x510.jpg.webp\",\"width\":510,\"height\":510},{\"@type\":\"BreadcrumbList\",\"@id\":\"https:\/\/haraltt.com.br\/index.php\/product\/caixa-10-bolinhas-dhs-3-estrelas\/#breadcrumb\",\"itemListElement\":[{\"@type\":\"ListItem\",\"position\":1,\"name\":\"In\u00edcio\",\"item\":\"https:\/\/haraltt.com.br\/\"},{\"@type\":\"ListItem\",\"position\":2,\"name\":\"Loja\",\"item\":\"https:\/\/haraltt.com.br\/index.php\/loja\/\"},{\"@type\":\"ListItem\",\"position\":3,\"name\":\"Caixa 10 Bolinhas DHS 3 Estrelas\"}]},{\"@type\":\"WebSite\",\"@id\":\"https:\/\/haraltt.com.br\/#website\",\"url\":\"https:\/\/haraltt.com.br\/\",\"name\":\"Haraltt\",\"description\":\"T\u00eanis de mesa de forma acessivel\",\"publisher\":{\"@id\":\"https:\/\/haraltt.com.br\/#organization\"},\"potentialAction\":[{\"@type\":\"SearchAction\",\"target\":{\"@type\":\"EntryPoint\",\"urlTemplate\":\"https:\/\/haraltt.com.br\/?s={search_term_string}\"},\"query-input\":\"required name=search_term_string\"}],\"inLanguage\":\"pt-BR\"},{\"@type\":\"Organization\",\"@id\":\"https:\/\/haraltt.com.br\/#organization\",\"name\":\"Haraltt\",\"url\":\"https:\/\/haraltt.com.br\/\",\"logo\":{\"@type\":\"ImageObject\",\"inLanguage\":\"pt-BR\",\"@id\":\"https:\/\/haraltt.com.br\/#\/schema\/logo\/image\/\",\"url\":\"\/\/\/wp-content\/uploads\/2024\/02\/44811478-removebg-preview.png\",\"contentUrl\":\"\/\/\/wp-content\/uploads\/2024\/02\/44811478-removebg-preview.png\",\"width\":500,\"height\":500,\"caption\":\"Haraltt\"},\"image\":{\"@id\":\"https:\/\/haraltt.com.br\/#\/schema\/logo\/image\/\"}}]}<\/script>\n<!-- \/ Yoast SEO plugin. -->","yoast_head_json":{"title":"Caixa 10 Bolinhas DHS 3 Estrelas - Haraltt","robots":{"index":"index","follow":"follow","max-snippet":"max-snippet:-1","max-image-preview":"max-image-preview:large","max-video-preview":"max-video-preview:-1"},"canonical":"https:\/\/haraltt.com.br\/index.php\/product\/caixa-10-bolinhas-dhs-3-estrelas\/","og_locale":"pt_BR","og_type":"article","og_title":"Caixa 10 Bolinhas DHS 3 Estrelas - Haraltt","og_url":"https:\/\/haraltt.com.br\/index.php\/product\/caixa-10-bolinhas-dhs-3-estrelas\/","og_site_name":"Haraltt","article_modified_time":"2026-03-12T20:00:47+00:00","og_image":[{"width":510,"height":510,"url":"http:\/\/haraltt.com.br\/wp-content\/uploads\/2024\/08\/BolaDHS-D40mais-510x510.jpg.webp","type":"image\/webp"}],"twitter_card":"summary_large_image","twitter_misc":{"Est. tempo de leitura":"1 minuto"},"schema":{"@context":"https:\/\/schema.org","@graph":[{"@type":"WebPage","@id":"https:\/\/haraltt.com.br\/index.php\/product\/caixa-10-bolinhas-dhs-3-estrelas\/","url":"https:\/\/haraltt.com.br\/index.php\/product\/caixa-10-bolinhas-dhs-3-estrelas\/","name":"Caixa 10 Bolinhas DHS 3 Estrelas - Haraltt","isPartOf":{"@id":"https:\/\/haraltt.com.br\/#website"},"primaryImageOfPage":{"@id":"https:\/\/haraltt.com.br\/index.php\/product\/caixa-10-bolinhas-dhs-3-estrelas\/#primaryimage"},"image":{"@id":"https:\/\/haraltt.com.br\/index.php\/product\/caixa-10-bolinhas-dhs-3-estrelas\/#primaryimage"},"thumbnailUrl":"https:\/\/haraltt.com.br\/wp-content\/uploads\/2024\/08\/BolaDHS-D40mais-510x510.jpg.webp","datePublished":"2024-03-25T22:57:52+00:00","dateModified":"2026-03-12T20:00:47+00:00","breadcrumb":{"@id":"https:\/\/haraltt.com.br\/index.php\/product\/caixa-10-bolinhas-dhs-3-estrelas\/#breadcrumb"},"inLanguage":"pt-BR","potentialAction":[{"@type":"ReadAction","target":["https:\/\/haraltt.com.br\/index.php\/product\/caixa-10-bolinhas-dhs-3-estrelas\/"]}]},{"@type":"ImageObject","inLanguage":"pt-BR","@id":"https:\/\/haraltt.com.br\/index.php\/product\/caixa-10-bolinhas-dhs-3-estrelas\/#primaryimage","url":"https:\/\/haraltt.com.br\/wp-content\/uploads\/2024\/08\/BolaDHS-D40mais-510x510.jpg.webp","contentUrl":"https:\/\/haraltt.com.br\/wp-content\/uploads\/2024\/08\/BolaDHS-D40mais-510x510.jpg.webp","width":510,"height":510},{"@type":"BreadcrumbList","@id":"https:\/\/haraltt.com.br\/index.php\/product\/caixa-10-bolinhas-dhs-3-estrelas\/#breadcrumb","itemListElement":[{"@type":"ListItem","position":1,"name":"In\u00edcio","item":"https:\/\/haraltt.com.br\/"},{"@type":"ListItem","position":2,"name":"Loja","item":"https:\/\/haraltt.com.br\/index.php\/loja\/"},{"@type":"ListItem","position":3,"name":"Caixa 10 Bolinhas DHS 3 Estrelas"}]},{"@type":"WebSite","@id":"https:\/\/haraltt.com.br\/#website","url":"https:\/\/haraltt.com.br\/","name":"Haraltt","description":"T\u00eanis de mesa de forma acessivel","publisher":{"@id":"https:\/\/haraltt.com.br\/#organization"},"potentialAction":[{"@type":"SearchAction","target":{"@type":"EntryPoint","urlTemplate":"https:\/\/haraltt.com.br\/?s={search_term_string}"},"query-input":"required name=search_term_string"}],"inLanguage":"pt-BR"},{"@type":"Organization","@id":"https:\/\/haraltt.com.br\/#organization","name":"Haraltt","url":"https:\/\/haraltt.com.br\/","logo":{"@type":"ImageObject","inLanguage":"pt-BR","@id":"https:\/\/haraltt.com.br\/#\/schema\/logo\/image\/","url":"\/\/\/wp-content\/uploads\/2024\/02\/44811478-removebg-preview.png","contentUrl":"\/\/\/wp-content\/uploads\/2024\/02\/44811478-removebg-preview.png","width":500,"height":500,"caption":"Haraltt"},"image":{"@id":"https:\/\/haraltt.com.br\/#\/schema\/logo\/image\/"}}]}},"_links":{"self":[{"href":"https:\/\/haraltt.com.br\/index.php\/wp-json\/wp\/v2\/product\/1111","targetHints":{"allow":["GET"]}}],"collection":[{"href":"https:\/\/haraltt.com.br\/index.php\/wp-json\/wp\/v2\/product"}],"about":[{"href":"https:\/\/haraltt.com.br\/index.php\/wp-json\/wp\/v2\/types\/product"}],"replies":[{"embeddable":true,"href":"https:\/\/haraltt.com.br\/index.php\/wp-json\/wp\/v2\/comments?post=1111"}],"wp:featuredmedia":[{"embeddable":true,"href":"https:\/\/haraltt.com.br\/index.php\/wp-json\/wp\/v2\/media\/2630"}],"wp:attachment":[{"href":"https:\/\/haraltt.com.br\/index.php\/wp-json\/wp\/v2\/media?parent=1111"}],"wp:term":[{"taxonomy":"product_cat","embeddable":true,"href":"https:\/\/haraltt.com.br\/index.php\/wp-json\/wp\/v2\/product_cat?post=1111"},{"taxonomy":"product_tag","embeddable":true,"href":"https:\/\/haraltt.com.br\/index.php\/wp-json\/wp\/v2\/product_tag?post=1111"}],"curies":[{"name":"wp","href":"https:\/\/api.w.org\/{rel}","templated":true}]}}